{"id":161,"date":"2026-05-08T18:54:22","date_gmt":"2026-05-08T23:54:22","guid":{"rendered":"https:\/\/southsiouxcatholic.org\/declaracion-de-vision\/"},"modified":"2026-05-08T18:54:22","modified_gmt":"2026-05-08T23:54:22","slug":"declaracion-de-vision","status":"publish","type":"page","link":"https:\/\/southsiouxcatholic.org\/es\/declaracion-de-vision\/","title":{"rendered":"Declaraci\u00f3n de visi\u00f3n"},"content":{"rendered":"<p><em>{{missing_element}} \u2014 El contenido de la declaraci\u00f3n de visi\u00f3n ser\u00e1 facilitado por el P. la oficina del P. Matt.<\/em><\/p>\n","protected":false},"excerpt":{"rendered":"<p>{{missing_element}} \u2014 El contenido de la declaraci\u00f3n de visi\u00f3n ser\u00e1 facilitado por el P. la oficina del P. Matt.<\/p>\n","protected":false},"author":0,"featured_media":0,"parent":0,"menu_order":0,"comment_status":"closed","ping_status":"closed","template":"","meta":{"footnotes":"","_links_to":"","_links_to_target":""},"class_list":["post-161","page","type-page","status-publish","hentry"],"featured_image_src":null,"featured_image_src_square":null,"_links":{"self":[{"href":"https:\/\/southsiouxcatholic.org\/es\/wp-json\/wp\/v2\/pages\/161","targetHints":{"allow":["GET"]}}],"collection":[{"href":"https:\/\/southsiouxcatholic.org\/es\/wp-json\/wp\/v2\/pages"}],"about":[{"href":"https:\/\/southsiouxcatholic.org\/es\/wp-json\/wp\/v2\/types\/page"}],"replies":[{"embeddable":true,"href":"https:\/\/southsiouxcatholic.org\/es\/wp-json\/wp\/v2\/comments?post=161"}],"version-history":[{"count":0,"href":"https:\/\/southsiouxcatholic.org\/es\/wp-json\/wp\/v2\/pages\/161\/revisions"}],"wp:attachment":[{"href":"https:\/\/southsiouxcatholic.org\/es\/wp-json\/wp\/v2\/media?parent=161"}],"curies":[{"name":"wp","href":"https:\/\/api.w.org\/{rel}","templated":true}]}}

Declaración de visión

<p><em>{{missing_element}} — El contenido de la declaración de visión será facilitado por el P. la oficina del P. Matt.</em></p>

<p>{{missing_element}} — El contenido de la declaración de visión será facilitado por el P. la oficina del P. Matt.</p>
