{"id":171,"date":"2026-05-08T18:52:53","date_gmt":"2026-05-08T23:52:53","guid":{"rendered":"https:\/\/southsiouxcatholic.org\/uncion-de-los-enfermos\/"},"modified":"2026-05-08T18:52:53","modified_gmt":"2026-05-08T23:52:53","slug":"uncion-de-los-enfermos","status":"publish","type":"page","link":"https:\/\/southsiouxcatholic.org\/es\/uncion-de-los-enfermos\/","title":{"rendered":"Unci\u00f3n de los Enfermos"},"content":{"rendered":"<p>El Sacramento de la Unci\u00f3n de los Enfermos prolonga la sanaci\u00f3n de Jesucristo para quienes est\u00e1n enfermos y sufren.<\/p>\n<p>Este ministerio de sanaci\u00f3n se extiende a los sacerdotes, que participan en la misi\u00f3n sanadora de Jesucristo. Este sacramento se administra a quienes est\u00e1n gravemente enfermos, pueden someterse a una cirug\u00eda importante o tienen gran necesidad de la sanaci\u00f3n de Dios en sus vidas. Si es posible, el Sacramento de la Reconciliaci\u00f3n precede a este sacramento y le sigue el Sacramento de la Sagrada Eucarist\u00eda.<\/p>\n<p>Si usted o un familiar desea recibir la unci\u00f3n, p\u00f3ngase en contacto con la oficina parroquial.<\/p>\n<h3>Oficina parroquial<\/h3>\n<p><a href=\"mailto:smsparish@gmail.com\">smsparish@gmail.com<\/a><br \/>(402) 494-5423<\/p>\n","protected":false},"excerpt":{"rendered":"<p>El Sacramento de la Unci\u00f3n de los Enfermos prolonga la sanaci\u00f3n de Jesucristo para quienes est\u00e1n enfermos y sufren. Este ministerio de sanaci\u00f3n se extiende a los sacerdotes, que participan [&hellip;]<\/p>\n","protected":false},"author":0,"featured_media":0,"parent":0,"menu_order":0,"comment_status":"closed","ping_status":"closed","template":"","meta":{"footnotes":"","_links_to":"","_links_to_target":""},"class_list":["post-171","page","type-page","status-publish","hentry"],"featured_image_src":null,"featured_image_src_square":null,"_links":{"self":[{"href":"https:\/\/southsiouxcatholic.org\/es\/wp-json\/wp\/v2\/pages\/171","targetHints":{"allow":["GET"]}}],"collection":[{"href":"https:\/\/southsiouxcatholic.org\/es\/wp-json\/wp\/v2\/pages"}],"about":[{"href":"https:\/\/southsiouxcatholic.org\/es\/wp-json\/wp\/v2\/types\/page"}],"replies":[{"embeddable":true,"href":"https:\/\/southsiouxcatholic.org\/es\/wp-json\/wp\/v2\/comments?post=171"}],"version-history":[{"count":0,"href":"https:\/\/southsiouxcatholic.org\/es\/wp-json\/wp\/v2\/pages\/171\/revisions"}],"wp:attachment":[{"href":"https:\/\/southsiouxcatholic.org\/es\/wp-json\/wp\/v2\/media?parent=171"}],"curies":[{"name":"wp","href":"https:\/\/api.w.org\/{rel}","templated":true}]}}

Unción de los Enfermos

<p>El Sacramento de la Unción de los Enfermos prolonga la sanación de Jesucristo para quienes están enfermos y sufren.</p>
<p>Este ministerio de sanación se extiende a los sacerdotes, que participan en la misión sanadora de Jesucristo. Este sacramento se administra a quienes están gravemente enfermos, pueden someterse a una cirugía importante o tienen gran necesidad de la sanación de Dios en sus vidas. Si es posible, el Sacramento de la Reconciliación precede a este sacramento y le sigue el Sacramento de la Sagrada Eucaristía.</p>
<p>Si usted o un familiar desea recibir la unción, póngase en contacto con la oficina parroquial.</p>
<h3>Oficina parroquial</h3>
<p><a href="mailto:smsparish@gmail.com">smsparish@gmail.com</a><br />(402) 494-5423</p>

<p>El Sacramento de la Unción de los Enfermos prolonga la sanación de Jesucristo para quienes están enfermos y sufren. Este ministerio de sanación se extiende a los sacerdotes, que participan [&hellip;]</p>
